ulate the greatest common divisor of c and 18.
18
Let x = 5 - 2. Let y be (-2)/x - 114/(-9). Calculate the greatest common divisor of 18 and y.
6
Let r(m) = 13*m**3 - 3*m**2 + 3*m - 1. Let o be r(1). What is the greatest common factor of 9 and o?
3
Suppose -3*g + 39 = -30. Calculate the highest common divisor of 92 and g.
23
Let a(s) = 5 - 4 - 4 + 5 - 3*s. Let m be a(-2). What is the greatest common factor of 24 and m?
8
Suppose 5*a = -0*a + 225. Calculate the greatest common factor of a and 30.
15
Let j(l) = l**3 - 14*l**2 - 12*l - 33. Let a be j(15). Calculate the greatest common factor of a and 3.
3
Suppose 5*s + x - 80 = 0, -2*s - x = -3*x - 20. Calculate the greatest common factor of 60 and s.
15
Let q(l) = -8*l**2 - l - 1. Let p be q(-1). Let u be -1*2 + 0 - p. Let t be (0 + u/4)*2. Calculate the greatest common factor of 6 and t.
3
Let x = 2 - 1. Calculate the greatest common divisor of x and 3.
1
Let h(w) = -w**2 - 9*w - 7. Let d be h(-7). Let i be (18/(-4))/(d/(-126)). Suppose -2*u = 2*u - 36. What is the highest common factor of u and i?
9
Let d = 11 - 6. Let n = -25 - -49. Let z be ((-4)/16)/((-3)/n). What is the highest common divisor of d and z?
1
Suppose -5*f - g = -18, -2*f = 4*g - g - 15. Let i be (-1526)/(-56) + (-1)/4. Calculate the highest common divisor of i and f.
3
Suppose -67 = -5*u + 53. Let w = 4 + -11. Let s(z) = -2*z - 11. Let v be s(w). What is the greatest common factor of u and v?
3
Suppose 5*n = 3*u - 3072, -4*u + 0*u + 1226 = -2*n. Let j = -409 - n. Let p = -87 + j. Calculate the greatest common divisor of 17 and p.
17
Let m be ((-1 - 2) + -13)/((-4)/6). Let f be 2/5 + (-118)/(-5). Calculate the highest common divisor of m and f.
24
Let k = 55 + -16. What is the greatest common factor of k and 52?
13
Suppose 0 = r - 2*r - 2*i - 11, 2*i + 47 = -5*r. Let b be -12*6/r - 2. What is the greatest common divisor of 42 and b?
6
Let n = -158 - -246. Let v = 28 + -20. Calculate the greatest common factor of v and n.
8
Let l = -9 - -7. Let s be 11 - l - (0 - -2). Calculate the highest common factor of s and 11.
11
Let b = 1 - -15. Calculate the greatest common divisor of 128 and b.
16
Let p(d) = d**2 + 10. Let w be 0/(0/1 + 1). Let c be p(w). What is the highest common divisor of 5 and c?
5
Let h be 52/234 - 34/(-36)*4. What is the greatest common divisor of 10 and h?
2
Let w be 27 + 3 + -5 - 4. What is the highest common factor of w and 3?
3
Let c(h) = -h**3 + 19*h**2 + 5*h + 10. Let s be c(19). Calculate the greatest common divisor of 15 and s.
15
Suppose -10*r + 298 = 58. Let d be 10930/65 + (-2)/13. What is the highest common factor of d and r?
24
Let i be 12/(-66) - (-114)/22. Suppose -d - 85 + 35 = -b, 5*d - 200 = -i*b. What is the highest common divisor of 5 and b?
5
Let u = -62 + 65. Calculate the highest common divisor of u and 3.
3
Let g be 24/(-6)*3/(-4). Calculate the highest common factor of g and 33.
3
Suppose -200 = -5*x - 0*x. Let t be 2/9 - 1278/(-81). What is the greatest common factor of t and x?
8
Let g(a) = a + 5. Let m be g(0). Suppose m*u - 60 = -0*u. Let z = u - -30. Calculate the greatest common divisor of z and 6.
6
Suppose -3*j = -107 - 25. Let u = 6 + 5. Calculate the greatest common factor of u and j.
11
Suppose 0*z = 9*z - 90. What is the highest common divisor of 2 and z?
2
Let f = -5 + 6. Let b = 11 + -7. What is the greatest common divisor of f and b?
1
Let r = 9 + -1. Let c be (-3)/12 + 1234/r. Calculate the greatest common factor of c and 14.
14
Let q be (1 - 2)/(6/(-24)). Calculate the greatest common factor of 2 and q.
2
Let p = -7 - -3. Let z(q) = 6 + 4*q**2 + 5*q - 3*q**2 - 1. Let y be z(p). What is the greatest common divisor of 7 and y?
1
Suppose 3*r - 8 = 5*q, 0 + 6 = r - q. Let k = 2 - 1. Suppose 3*j = 4*j - k. Calculate the greatest common divisor of r and j.
1
Suppose -f + 5*f = -3*a + 18, 5*a + 3*f = 19. Suppose -3*b + 15 = a*b. Suppose -5 = -d + b. Calculate the highest common divisor of 4 and d.
4
Suppose -2*g + 16 = -2*p, -3*g - 4*p + 31 = -0. Let c be 4/10 - 88/(-5). Let h = c - g. Calculate the greatest common divisor of h and 9.
9
Let g(a) = 2*a**2 + a + 1. Let q be g(-1). Suppose -q*x + 0*x = -6. What is the highest common factor of 12 and x?
3
Let s(u) = u**3 - 3*u**2 - 4*u - 5. Let q be s(4). Let m be (-18)/4*(q - 1). What is the highest common factor of 9 and m?
9
Let a be ((-3)/(-6))/(3/708*2). What is the greatest common divisor of 472 and a?
59
Let t(q) = 110*q**2 - 2*q. Let b be t(-2). Suppose -656 = -5*s + b. Calculate the greatest common divisor of 20 and s.
20
Let v(b) = 10*b - 4. Let p be v(4). Let a be 185/(-35) + (-2)/(-7). Let z be -2*1/a*135. Calculate the greatest common divisor of z and p.
18
Suppose -2*j = -3*j + 6. Let b = j + 79. Suppose -z = 4*z - b. Calculate the greatest common divisor of 17 and z.
17
Let r(o) = o**3 + 10*o**2 + 9*o. Let h be r(-9). Suppose h = -3*i - 0*i + 153. What is the highest common divisor of i and 17?
17
Suppose -6 = -4*c + 2*c. Suppose 5*w + 2*p = 39, 0 = 3*w - 4*w - c*p + 13. What is the highest common divisor of w and 7?
7
Let c = 64 - 57. Calculate the highest common divisor of 7 and c.
7
Let u(m) = 5*m**3 - m**2 - m - 2. Let o be u(2). Suppose 4*f - 6 - 6 = 0. Suppose -b = f*b - 192. Calculate the highest common factor of o and b.
16
Suppose 9*a = 14*a - 50. Calculate the greatest common factor of 15 and a.
5
Let g be ((-4)/6)/(4/12). Let h(w) = -4*w + 2. Let c be h(g). Let k = 20 - c. Calculate the greatest common divisor of k and 110.
10
Let u = 0 + -25. Let n be (-5)/u - (-98)/10. What is the highest common factor of n and 50?
10
Suppose 2 = w - 8. Suppose 22 - 2 = 5*i, -i = 2*h - w. Suppose 2*r - 2 = -2*k, -k = 3*r - 8 - h. Calculate the greatest common factor of r and 10.
5
Suppose -5*j + 5*z = -20, 5*j = -z + 2*z + 8. Calculate the greatest common divisor of j and 2.
1
Let i(l) = -3*l - 6. Let m be i(-4). What is the highest common divisor of 2 and m?
2
Suppose 0 = -0*y + 4*y - 8. Let k(x) = -5*x**3 + 2*x**2 + x - 2. Let r be k(y). Let b be (r/(-12))/(2/6). Calculate the highest common divisor of b and 2.
2
Let g be -1*1 - (-2 - 15). What is the highest common divisor of g and 144?
16
Let u = 43 - 31. What is the greatest common divisor of u and 12?
12
Suppose 4*c + 4 - 35 = -3*k, 2*c - 5*k = -17. Suppose 5*n = c*x + 8, -3*x - 5*n + 35 = 2*x. Calculate the greatest common divisor of x and 33.
3
Let n = 23 - 19. Calculate the greatest common divisor of 28 and n.
4
Suppose -6*i - 5 = -11*i. Calculate the greatest common factor of i and 1.
1
Let p be 2*(-3)/(-6) - -3. Suppose -18 = -5*s - 3*z, 2 - 3 = s - p*z. What is the greatest common factor of s and 21?
3
Let j = -17 + 24. Suppose -j = -t + 9. Let g be (9/(-12))/((-1)/t). What is the highest common factor of 84 and g?
12
Suppose -161 = -4*c + 235. What is the highest common factor of c and 11?
11
Let v be ((-88)/12 - 0)*(-27)/2. Calculate the highest common divisor of v and 66.
33
Let q(w) = 4*w**2 + 42 + 4*w - w**3 - 53 + 4*w. Let b be q(5). Calculate the highest common divisor of 12 and b.
4
Let d(o) = 14*o - 1. Let z be d(2). Let c be ((-220)/(-15))/(2/z). Calculate the greatest common divisor of 18 and c.
18
Let t be 186 - (10 - 3 - 3). What is the greatest common divisor of 26 and t?
26
Suppose -3*v + 16 = -4*x, 2*v = -7*x + 2*x + 26. Suppose -v = -2*p - 6. Suppose 2*k + 0 = 14. Calculate the greatest common divisor of p and k.
1
Let c(s) = 2*s**2 - 4*s + 3. Let h be c(6). Let q = -170 - -401. Let k = q - h. What is the greatest common divisor of 20 and k?
20
Let c be ((-24)/14)/((-2)/28). Suppose -2 = -2*o - 6. Let d be (45/(-3) + 3)/o. Calculate the greatest common factor of d and c.
6
Let g(t) = t**2 + t - 11. Suppose -3*y = 5*w + 2 + 26, -5*w = 2*y + 32. Let h be g(w). Calculate the greatest common divisor of 9 and h.
9
Let h(b) = b - 5. Let a be h(13). Suppose 0 = 3*n - 2*g - 622, 1 = 4*g - 15. Suppose 0 = 5*p - n - 70. What is the highest common divisor of a and p?
8
Let s = 3 - -1. Let v be (-10)/2 + s/2. Let r be (v/9 - 1)*-6. Calculate the greatest common factor of r and 2.
2
Suppose 2*i + 153 = -i. Let r = -35 - i. Let q = 31 + 1. Calculate the highest common divisor of q and r.
16
Let j = 25 - 37. Let d = 40 - j. What is the highest common f